actor of 18954832 and 923.
13
What is the greatest common factor of 15051 and 216413312?
5017
Calculate the greatest common divisor of 1729 and 51963366.
1729
What is the highest common factor of 52875282 and 388?
194
What is the greatest common divisor of 93 and 571952108?
31
What is the highest common factor of 1981 and 55444511?
283
Calculate the greatest common factor of 9074870 and 1330.
70
Calculate the highest common factor of 5734553 and 11.
11
Calculate the highest common factor of 1236501 and 330106.
133
Calculate the greatest common factor of 153 and 48405069.
153
Calculate the highest common factor of 2411 and 441897724.
2411
What is the greatest common divisor of 8024 and 63856998?
2006
Calculate the greatest common factor of 8780940 and 42.
42
What is the greatest common factor of 1232 and 2270779?
7
What is the highest common factor of 4371 and 74431?
31
What is the highest common divisor of 3078 and 277249311?
1539
Calculate the greatest common divisor of 725 and 91060.
145
What is the greatest common divisor of 1058 and 123892858?
1058
Calculate the greatest common factor of 964 and 8110614.
482
Calculate the greatest common factor of 4158 and 11189717.
77
What is the greatest common divisor of 399578306 and 1228?
614
What is the highest common divisor of 39 and 47074053?
39
What is the greatest common factor of 7942894 and 712?
178
What is the highest common factor of 9475 and 338068?
379
What is the highest common divisor of 1423507914 and 54?
18
What is the greatest common divisor of 4212 and 75901644?
1404
Calculate the highest common factor of 1859 and 314595281.
143
What is the highest common divisor of 431974 and 49414?
1594
Calculate the greatest common divisor of 137973 and 21351.
33
What is the highest common factor of 20496 and 8733858?
2562
Calculate the highest common divisor of 2300 and 14030.
230
What is the greatest common factor of 633222 and 10160?
254
What is the highest common factor of 74024 and 842997?
487
Calculate the highest common factor of 768 and 1549428.
12
Calculate the greatest common factor of 1602 and 252493.
89
What is the greatest common factor of 1528 and 345046466?
382
What is the highest common factor of 531 and 12600630?
531
Calculate the greatest common factor of 5400 and 45915.
15
What is the greatest common divisor of 5341423 and 203?
29
What is the highest common factor of 18440 and 50180?
20
What is the highest common factor of 530 and 496670?
10
Calculate the greatest common divisor of 598433300 and 20.
20
What is the greatest common factor of 177369409 and 3342?
557
Calculate the highest common divisor of 3240 and 1321560.
360
Calculate the greatest common divisor of 133731 and 3589274.
1651
What is the highest common factor of 20918572 and 5311?
47
What is the greatest common divisor of 1050040 and 220?
20
What is the highest common factor of 10168 and 228480044?
5084
What is the highest common factor of 132226 and 1816?
2
What is the greatest common factor of 906518 and 94514?
314
Calculate the greatest common divisor of 4756 and 3190046.
82
Calculate the greatest common factor of 936967558 and 38.
38
What is the greatest common factor of 42094 and 12350?
26
Calculate the greatest common divisor of 207 and 2370363.
3
Calculate the highest common factor of 38 and 1097911523.
19
Calculate the highest common divisor of 6390 and 56229870.
2130
What is the greatest common divisor of 1542068 and 341?
11
Calculate the greatest common divisor of 12436848 and 4752.
432
What is the greatest common factor of 3689192 and 832?
104
What is the greatest common factor of 521472 and 5455086?
4074
Calculate the greatest common divisor of 13892 and 37108.
4
What is the greatest common factor of 35745642 and 1806?
258
Calculate the greatest common factor of 54020 and 215788.
292
Calculate the greatest common divisor of 1680 and 164304.
336
Calculate the highest common factor of 1633 and 2075401.
71
What is the greatest common factor of 198 and 595936?
22
Calculate the highest common divisor of 102558020 and 100.
20
What is the greatest common divisor of 9817171 and 273?
91
What is the greatest common divisor of 220556 and 172?
4
What is the greatest common factor of 356 and 24956?
4
Calculate the greatest common factor of 8688910 and 80.
10
What is the greatest common divisor of 1837167 and 2004?
501
What is the greatest common divisor of 23952 and 1058878?
998
What is the greatest common divisor of 1119 and 35083261?
373
Calculate the greatest common factor of 106 and 42673798.
106
What is the highest common factor of 1154024 and 18?
2
Calculate the greatest common divisor of 297 and 3867589.
11
Calculate the greatest common divisor of 1425631 and 671.
61
Calculate the greatest common factor of 38 and 138507853.
19
What is the highest common factor of 660 and 18553524?
132
Calculate the greatest common divisor of 536320 and 2570.
10
Calculate the highest common divisor of 4757 and 820147.
67
What is the greatest common divisor of 111 and 1990153891?
37
What is the highest common factor of 68175 and 369?
9
Calculate the highest common divisor of 2043702 and 1602.
18
What is the highest common divisor of 57904169 and 1852?
463
Calculate the highest common factor of 80300 and 2046847.
803
What is the greatest common divisor of 449146059 and 681?
681
What is the highest common divisor of 39015 and 77265?
765
Calculate the highest common factor of 64350245 and 5.
5
Calculate the greatest common factor of 2567 and 27137871.
151
What is the highest common divisor of 110 and 2164180?
10
What is the greatest common divisor of 712 and 17583908?
356
What is the greatest common factor of 84680 and 509540?
1460
What is the greatest common factor of 570 and 344940?
30
Calculate the highest common factor of 54 and 45714708.
18
Calculate the highest common factor of 19043353 and 3962.
1981
Calculate the greatest common divisor of 32727112 and 24200.
968
Calculate the highest common divisor of 2611299 and 1341.
3
What is the highest common factor of 35166 and 2382?
6
Calculate the highest common factor of 2017879 and 6161.
101
Calculate the greatest common divisor of 1266 and 89928622.
422
What is the highest common factor of 12 and 355433004?
12
What is the highest common divisor of 20403 and 53929663?
2267
What is the greatest common divisor of 4340 and 27473285?
1085
Calculate the greatest common divisor of 1893 and 106151237.
631
What is the greatest common divisor of 788 and 13151720?
788
What is the highest common divisor of 25671 and 343443752?
8557
Calculate the greatest common divisor of 13325442 and 17458.
2494
Calculate the greatest common factor of 37886 and 240863.
19
What is the highest common factor of 15190 and 1369564?
14
Calculate the greatest common factor of 7413 and 78331053.
1059
What is the greatest common factor of 355001812 and 77?
11
What is the highest common factor of 651 and 189917763?
21
Calculate the greatest common divisor of 1769060 and 10835.
985
Calculate the highest common factor of 15565 and 115181.
3113
What is the highest common divisor of 338764 and 50?
2
What is the highest common divisor of 23975 and 2933?
7
What is the greatest common factor of 111630 and 8535?
15
Calculate the greatest common factor of 795505 and 114755.
1945
What is the greatest common factor of 949 and 110487?
13
Calculate the highest common factor of 8555 and 171390.
145
Calculate the highest common divisor of 1776994 and 2536918.
3838
What is the greatest common divisor of 67389508 and 1420?
284
What is the highest common divisor of 122620 and 71180?
20
What is the highest common divisor of 21 and 67468177?
7
What is the highest common divisor of 784 and 190846768?
784
What is the highest common factor of 16066360 and 2040?
680
What is the greatest common divisor of 63165596 and 1508?
1508
Calculate the greatest common factor of 4644 and 3837348.
108
What is the greatest common divisor of 352809283 and 10876?
2719
What is the greatest common divisor of 172531 and 82029?
37
Calculate the greatest common divisor of 7 and 216538483.
7
What is the highest common factor of 728 and 25997296?
104
What is the greatest common divisor of 182808 and 2472?
24
What is the greatest common factor of 20 and 1752